{"id":870,"date":"2015-03-02T11:35:58","date_gmt":"2015-03-02T10:35:58","guid":{"rendered":"http:\/\/www.bruckner-online.at\/?page_id=870"},"modified":"2017-03-01T17:12:26","modified_gmt":"2017-03-01T16:12:26","slug":"digitalisate","status":"publish","type":"page","link":"http:\/\/www.bruckner-online.at\/?page_id=870","title":{"rendered":"Digitalisate der Erstausgaben"},"content":{"rendered":"<p>(Bereitstellung der Abbildungen\u00a0mit Erlaubnis\u00a0der Universal Edition Wien, des Musikwissenschaftlichen Verlags Wien, des Verlags Josef Weinberger Wien und des B\u00e4renreiter-Verlags Kassel<br \/>\n[G\u00f6ll.-A.: G\u00f6llerich, August und Auer, Max: Anton Bruckner. Ein Lebens- u. Schaffensbild I-IV, Bosse-Verlag Regensburg 1922-1937]).<br \/>\n<div class=\"gap20\"><\/div>\n","protected":false},"excerpt":{"rendered":"<p>(Bereitstellung der Abbildungen\u00a0mit Erlaubnis\u00a0der Universal Edition Wien, des Musikwissenschaftlichen Verlags Wien, des Verlags Josef Weinberger Wien und des B\u00e4renreiter-Verlags Kassel [G\u00f6ll.-A.: G\u00f6llerich, August und&#8230; &nbsp; <a href=\"http:\/\/www.bruckner-online.at\/?page_id=870\" class=\"moretag\">&#8230;mehr <\/a><\/p>\n","protected":false},"author":1,"featured_media":834,"parent":0,"menu_order":0,"comment_status":"open","ping_status":"open","template":"digitalisate.php","meta":{"footnotes":""},"class_list":["post-870","page","type-page","status-publish","has-post-thumbnail","hentry"],"_links":{"self":[{"href":"http:\/\/www.bruckner-online.at\/index.php?rest_route=\/wp\/v2\/pages\/870"}],"collection":[{"href":"http:\/\/www.bruckner-online.at\/index.php?rest_route=\/wp\/v2\/pages"}],"about":[{"href":"http:\/\/www.bruckner-online.at\/index.php?rest_route=\/wp\/v2\/types\/page"}],"author":[{"embeddable":true,"href":"http:\/\/www.bruckner-online.at\/index.php?rest_route=\/wp\/v2\/users\/1"}],"replies":[{"embeddable":true,"href":"http:\/\/www.bruckner-online.at\/index.php?rest_route=%2Fwp%2Fv2%2Fcomments&post=870"}],"version-history":[{"count":28,"href":"http:\/\/www.bruckner-online.at\/index.php?rest_route=\/wp\/v2\/pages\/870\/revisions"}],"predecessor-version":[{"id":1288,"href":"http:\/\/www.bruckner-online.at\/index.php?rest_route=\/wp\/v2\/pages\/870\/revisions\/1288"}],"wp:featuredmedia":[{"embeddable":true,"href":"http:\/\/www.bruckner-online.at\/index.php?rest_route=\/wp\/v2\/media\/834"}],"wp:attachment":[{"href":"http:\/\/www.bruckner-online.at\/index.php?rest_route=%2Fwp%2Fv2%2Fmedia&parent=870"}],"curies":[{"name":"wp","href":"https:\/\/api.w.org\/{rel}","templated":true}]}}