{"id":547,"date":"2014-06-07T10:20:00","date_gmt":"2014-06-07T08:20:00","guid":{"rendered":"http:\/\/www.bruckner-online.at\/about-us-2-2-2-2-2-3\/"},"modified":"2024-03-19T08:45:50","modified_gmt":"2024-03-19T07:45:50","slug":"bruckner_forschung","status":"publish","type":"page","link":"http:\/\/www.bruckner-online.at\/?page_id=547","title":{"rendered":"Bruckner Forschung (\u00d6AW)"},"content":{"rendered":"<p style=\"text-align: justify;\">Die Bruckner-Forschung hat an der \u00d6AW eine lange Tradition. Seit 1978 neben Linz als zweite Arbeitsstelle Teil des Anton Bruckner Instituts Linz (ABIL), kam es 2007 seitens der \u00d6AW zu einer selbst\u00e4ndigen Neugr\u00fcndung. Schwerpunkte sind Grundlagenforschung und Dokumentation (z. B. elektronische Bibliographie seit 2000), Publikationen sowie fallweise Veranstaltung von Workshops und Tagungen. Eine Spezialbibliothek und ein gro\u00dfes Archiv stellen die notwendige Infrastruktur dar.<\/p>\n<p style=\"text-align: justify;\">Als langj\u00e4hrige Forschungsvorhaben konnten sowohl das <a href=\"http:\/\/www.bruckner-online.at\/ablo\"><em>Anton Bruckner-Lexikon online<\/em><\/a> (ABLO)\u00a0als auch das <a href=\"http:\/\/www.bruckner-online.at\/wv\/\"><em>Digitale Werkverzeichnis Anton Bruckner<\/em><\/a> (WAB) erfolgreich abgeschlossen und \u00fcber die Forschungsplattform\u00a0<a href=\"http:\/\/www.bruckner-online.at\/\">www.bruckner-online.at<\/a> online gestellt werden. Ersteres \u2013 nach dem tragischen Tod von Dr. Erich Wolfgang Partsch im Dezember 2014 neu ausgerichtet \u2013 stellt eine Erweiterung und Aktualisierung des 1996 von Uwe Harten herausgegebenen Nachschlagewerks \u201eAnton Bruckner. Ein Handbuch\u201c dar. Das unter Mitwirkung zahlreicher internationaler Expert\/inn\/en erstellte Lexikon umfasst Personen, Orte, Sachbegriffe sowie s\u00e4mtliche Kompositionen in \u00fcber 1.000 Eintr\u00e4gen mit zahlreichen Abbildungen und Notenbeispielen. Im Bereich \u201eRezeption\u201c wird es dank ausl\u00e4ndischer Mitarbeiter\/innen erstmals gelingen, geographisch breit gestreute Texte ver\u00f6ffentlichen zu k\u00f6nnen (z. B. Mittel- und S\u00fcdamerika, China, Israel, Baltikum usw.). Die Projektleitung hat Dr. Christian K. Fastl \u00fcbernommen, der sich mit Dr. Andrea Harrandt die Herausgabe des Lexikons teilt. F\u00fcr die technische Umsetzung ist das <a href=\"https:\/\/www.oeaw.ac.at\/acdh\" target=\"_blank\" rel=\"noopener\">Austrian Centre for Digital Humanities and Cultural Heritage<\/a> verantwortlich.<\/p>\n<p style=\"text-align: justify;\">Die 2020 abgeschlossene Neubearbeitung des Werkverzeichnisses unter Leitung von Robert Klugseder (Erstausgabe 1977) entspricht in seiner Informationsf\u00fclle modernen Standards. Synergien bestehen neben dem ABLO zur Forschungsplattform\u00a0<a href=\"http:\/\/www.bruckner-online.at\/\">www.bruckner-online.at<\/a>, die eine Pr\u00e4sentation s\u00e4mtlicher Autographe und relevanter zeitgen\u00f6ssischer Abschriften samt philologischen Kommentaren, Abbildungen der Erstdrucke und der Alten Gesamtausgabe sowie eine umfassende Bibliographie enth\u00e4lt. Sukzessive sollen Ikonographie, Topographie u. a. in diesen umfassenden Datenpool integriert werden.\u00a0<\/p>\n<p>Als Digital Humanities-Projekt der Abteilung Musikwissenschaft wurde unl\u00e4ngst <em>Die Wiener Kopisten der Werke Anton Bruckners<\/em> (Paul Hawkshaw und Clemens Gubsch) abgeschlossen. Bereits 2017\u20132019 konnte das sog. <em>Kitzler Studienbuch<\/em> \u2013 ein umfangreiches Dokument zur musikalischen Ausbildung und den Kompositionsstudien des Komponisten mit den Techniken der <em>Music Encoding Initiative<\/em> (MEI) digital kodiert werden (Leitung: Robert Klugseder). Im Jahr 2023 wurde die umfangreiche Datensammlung <em>Anton Bruckner Chronologie Datenbank<\/em> (ABCD) von Franz Scheder in technischer Hinsicht auf den neuesten Stand gebracht und in <em>www.bruckner-online.at<\/em> integriert.<\/p>\n<p style=\"text-align: justify;\">Mit dem Band \u201eAnton Bruckners Wiener Jahre\u201c wurde 2009 die neue Reihe\u00a0<a href=\"http:\/\/www.mwv.at\/TextBuecher\/wiener_studien.htm\" target=\"_blank\" rel=\"noopener\"><i>Wiener Bruckner-Studien<\/i><\/a><em>\u00a0<\/em>begr\u00fcndet. Mit einem breiten Themenspektrum und unter Mitarbeit ausl\u00e4ndischer Brucknerforscher\/innen liegen derzeit zehn B\u00e4nde vor. Innerhalb dieser Publikationsreihe wurden auch die umfangreichen Archivbest\u00e4nde des Stiftes St. Florian durch Dr. Elisabeth Maier und Renate Grasberger inventarisiert; der dritte und letzte Teilband dieses Katalogs konnte 2019 erscheinen.<\/p>\n\n\n<p><\/p>\n","protected":false},"excerpt":{"rendered":"<p>Die Bruckner-Forschung hat an der \u00d6AW eine lange Tradition. Seit 1978 neben Linz als zweite Arbeitsstelle Teil des Anton Bruckner Instituts Linz (ABIL), kam&#8230; &nbsp; <a href=\"http:\/\/www.bruckner-online.at\/?page_id=547\" class=\"moretag\">&#8230;mehr <\/a><\/p>\n","protected":false},"author":1,"featured_media":869,"parent":0,"menu_order":0,"comment_status":"closed","ping_status":"closed","template":"page-fullwidth.php","meta":{"footnotes":""},"class_list":["post-547","page","type-page","status-publish","has-post-thumbnail","hentry"],"_links":{"self":[{"href":"http:\/\/www.bruckner-online.at\/index.php?rest_route=\/wp\/v2\/pages\/547"}],"collection":[{"href":"http:\/\/www.bruckner-online.at\/index.php?rest_route=\/wp\/v2\/pages"}],"about":[{"href":"http:\/\/www.bruckner-online.at\/index.php?rest_route=\/wp\/v2\/types\/page"}],"author":[{"embeddable":true,"href":"http:\/\/www.bruckner-online.at\/index.php?rest_route=\/wp\/v2\/users\/1"}],"replies":[{"embeddable":true,"href":"http:\/\/www.bruckner-online.at\/index.php?rest_route=%2Fwp%2Fv2%2Fcomments&post=547"}],"version-history":[{"count":26,"href":"http:\/\/www.bruckner-online.at\/index.php?rest_route=\/wp\/v2\/pages\/547\/revisions"}],"predecessor-version":[{"id":2276,"href":"http:\/\/www.bruckner-online.at\/index.php?rest_route=\/wp\/v2\/pages\/547\/revisions\/2276"}],"wp:featuredmedia":[{"embeddable":true,"href":"http:\/\/www.bruckner-online.at\/index.php?rest_route=\/wp\/v2\/media\/869"}],"wp:attachment":[{"href":"http:\/\/www.bruckner-online.at\/index.php?rest_route=%2Fwp%2Fv2%2Fmedia&parent=547"}],"curies":[{"name":"wp","href":"https:\/\/api.w.org\/{rel}","templated":true}]}}

Bruckner Forschung (ÖAW)

<p style="text-align: justify;">Die Bruckner-Forschung hat an der ÖAW eine lange Tradition. Seit 1978 neben Linz als zweite Arbeitsstelle Teil des Anton Bruckner Instituts Linz (ABIL), kam es 2007 seitens der ÖAW zu einer selbständigen Neugründung. Schwerpunkte sind Grundlagenforschung und Dokumentation (z. B. elektronische Bibliographie seit 2000), Publikationen sowie fallweise Veranstaltung von Workshops und Tagungen. Eine Spezialbibliothek und ein großes Archiv stellen die notwendige Infrastruktur dar.</p>
<p style="text-align: justify;">Als langjährige Forschungsvorhaben konnten sowohl das <a href="http://www.bruckner-online.at/ablo"><em>Anton Bruckner-Lexikon online</em></a> (ABLO) als auch das <a href="http://www.bruckner-online.at/wv/"><em>Digitale Werkverzeichnis Anton Bruckner</em></a> (WAB) erfolgreich abgeschlossen und über die Forschungsplattform <a href="http://www.bruckner-online.at/">www.bruckner-online.at</a> online gestellt werden. Ersteres – nach dem tragischen Tod von Dr. Erich Wolfgang Partsch im Dezember 2014 neu ausgerichtet – stellt eine Erweiterung und Aktualisierung des 1996 von Uwe Harten herausgegebenen Nachschlagewerks „Anton Bruckner. Ein Handbuch“ dar. Das unter Mitwirkung zahlreicher internationaler Expert/inn/en erstellte Lexikon umfasst Personen, Orte, Sachbegriffe sowie sämtliche Kompositionen in über 1.000 Einträgen mit zahlreichen Abbildungen und Notenbeispielen. Im Bereich „Rezeption“ wird es dank ausländischer Mitarbeiter/innen erstmals gelingen, geographisch breit gestreute Texte veröffentlichen zu können (z. B. Mittel- und Südamerika, China, Israel, Baltikum usw.). Die Projektleitung hat Dr. Christian K. Fastl übernommen, der sich mit Dr. Andrea Harrandt die Herausgabe des Lexikons teilt. Für die technische Umsetzung ist das <a href="https://www.oeaw.ac.at/acdh" target="_blank" rel="noopener">Austrian Centre for Digital Humanities and Cultural Heritage</a> verantwortlich.</p>
<p style="text-align: justify;">Die 2020 abgeschlossene Neubearbeitung des Werkverzeichnisses unter Leitung von Robert Klugseder (Erstausgabe 1977) entspricht in seiner Informationsfülle modernen Standards. Synergien bestehen neben dem ABLO zur Forschungsplattform <a href="http://www.bruckner-online.at/">www.bruckner-online.at</a>, die eine Präsentation sämtlicher Autographe und relevanter zeitgenössischer Abschriften samt philologischen Kommentaren, Abbildungen der Erstdrucke und der Alten Gesamtausgabe sowie eine umfassende Bibliographie enthält. Sukzessive sollen Ikonographie, Topographie u. a. in diesen umfassenden Datenpool integriert werden. </p>
<p>Als Digital Humanities-Projekt der Abteilung Musikwissenschaft wurde unlängst <em>Die Wiener Kopisten der Werke Anton Bruckners</em> (Paul Hawkshaw und Clemens Gubsch) abgeschlossen. Bereits 2017–2019 konnte das sog. <em>Kitzler Studienbuch</em> – ein umfangreiches Dokument zur musikalischen Ausbildung und den Kompositionsstudien des Komponisten mit den Techniken der <em>Music Encoding Initiative</em> (MEI) digital kodiert werden (Leitung: Robert Klugseder). Im Jahr 2023 wurde die umfangreiche Datensammlung <em>Anton Bruckner Chronologie Datenbank</em> (ABCD) von Franz Scheder in technischer Hinsicht auf den neuesten Stand gebracht und in <em>www.bruckner-online.at</em> integriert.</p>
<p style="text-align: justify;">Mit dem Band „Anton Bruckners Wiener Jahre“ wurde 2009 die neue Reihe <a href="http://www.mwv.at/TextBuecher/wiener_studien.htm" target="_blank" rel="noopener"><i>Wiener Bruckner-Studien</i></a><em> </em>begründet. Mit einem breiten Themenspektrum und unter Mitarbeit ausländischer Brucknerforscher/innen liegen derzeit zehn Bände vor. Innerhalb dieser Publikationsreihe wurden auch die umfangreichen Archivbestände des Stiftes St. Florian durch Dr. Elisabeth Maier und Renate Grasberger inventarisiert; der dritte und letzte Teilband dieses Katalogs konnte 2019 erscheinen.</p>


<p></p>

<p>Die Bruckner-Forschung hat an der ÖAW eine lange Tradition. Seit 1978 neben Linz als zweite Arbeitsstelle Teil des Anton Bruckner Instituts Linz (ABIL), kam&#8230; &nbsp; <a href="http://www.bruckner-online.at/?page_id=547" class="moretag">&#8230;mehr </a></p>
