{"id":461,"date":"2014-06-09T07:48:34","date_gmt":"2014-06-09T05:48:34","guid":{"rendered":"http:\/\/www.bruckner-online.at\/full-width-page-2-2-3\/"},"modified":"2015-03-15T09:24:43","modified_gmt":"2015-03-15T08:24:43","slug":"leben_st_florian","status":"publish","type":"page","link":"http:\/\/www.bruckner-online.at\/?page_id=461","title":{"rendered":"Leben : St. Florian (1845 &#8211; 1855)"},"content":{"rendered":"<p>zusammengestellt von Alexandra Jud und Damaris Leimgruber (aus: Hans-Joachim Hinrichsen (Hg.): <em>Bruckner-Handbuch<\/em>, Stuttgart 2010, S. XIII-XXIII).<\/p>\n<div class=\"col-lg-2 col-md-2 col-sm-2 col-xs-12\"> <strong>1845<\/strong><\/div>\n<div class=\"col-lg-10 col-md-10 col-sm-10 col-xs-12\">\n\u25a0 25. September: Schulgehilfe in St. Florian w\u00e4hrend zehn Jahren bei 36 Gulden Jahreslohn; Bruckner wohnt wieder bei der Lehrerfamilie Bogner.<br \/>\n\u25a0 erneut Orgelunterricht bei Kattinger (vermutlich bis Ende 1849).<\/p>\n<p>Werke:<\/p>\n<p>\u25a0 bis 1851 zahlreiche Gelegenheitskompositionen: weltliche und kirchliche Vokalmusik.<br \/>\n\u25a0 <em>Tantum ergo<\/em> (WAB 43, evtl. auch schon 1844).<br \/>\n\u25a0 Studium der Kompositionslehre von Heinrich Christoph Koch.<br \/>\n<\/div>\n<div class=\"gap10\"><\/div>\n<hr \/>\n<div class=\"col-lg-2 col-md-2 col-sm-2 col-xs-12\"><strong>1846<\/strong><\/div>\n<div class=\"col-lg-10 col-md-10 col-sm-10 col-xs-12\">\n\u25a0 Weiterbildung in den F\u00e4chern Physik und Latein.<\/p>\n<p>Werke:<\/p>\n<p>\u25a0 Februar bis 9. Juni: <em>Tantum ergo<\/em> (WAB 42, einige Auff\u00fchrungen bis 1856).<br \/>\n\u25a0 <em>Vier Tantum ergo <\/em>(WAB 41, zahlreiche Teilauff\u00fchrungen bis 1858).<br \/>\n\u25a0 <em>Nachspiel<\/em> d-Moll (WAB 126, evtl. auch sp\u00e4ter).<\/p>\n<\/div>\n<div class=\"gap10\"><\/div>\n<hr \/>\n<div class=\"col-lg-2 col-md-2 col-sm-2 col-xs-12\"><strong>1847<\/strong><\/div>\n<div class=\"col-lg-10 col-md-10 col-sm-10 col-xs-12\">\n\u25a0 28. Januar: Tod der Patentante Rosalia.<br \/>\n\u25a0 1. Bassist im M\u00e4nnerquartett.<\/p>\n<p>Werke:<\/p>\n<p>\u25a0 <em>Der Lehrerstand<\/em> (WAB 77), Michael Bogner gewidmet.<br \/>\n\u25a0 <em>Vorspiel und Fuge<\/em> c-Moll f\u00fcr Orgel (WAB 131); die Fuge ist auf 15. Januar datiert.<br \/>\n\u25a0 zwei <em>Aequale<\/em> c-Moll f\u00fcr drei Posaunen (WAB 114 und 149).<\/p>\n<\/div>\n<div class=\"gap10\"><\/div>\n<hr \/>\n<div class=\"col-lg-2 col-md-2 col-sm-2 col-xs-12\"><strong>1848<\/strong><\/div>\n<div class=\"col-lg-10 col-md-10 col-sm-10 col-xs-12\">\n\u25a0 zwei Zeugnisse \u00fcber die Bef\u00e4higung als Organist von Kattinger und Joseph Pfeiffer; M\u00e4rz: wahrscheinlich Ernennung zum provisorischen Stiftsorganisten (evtl. erst Februar 1850).<br \/>\n\u25a0 Orgel-Wettspiel in St. Florian.<br \/>\n\u25a0 lehnt Klavierlehrerstelle am Gymnasium Kremsm\u00fcnster ab.<br \/>\n\u25a0 13. September: Tod des Stiftsschreibers Franz Sailer; Bruckner erbt dessen B\u00f6sendorfer-Fl\u00fcgel.<br \/>\n\u25a0 Teilnahme an der Nationalgarde.<\/p>\n<p>Werke:<\/p>\n<p>\u25a0 M\u00e4nnerquartett <em>Sternschnuppen<\/em> (WAB 85).<br \/>\n\u25a0 <em>In jener letzten der N\u00e4chte<\/em> (WAB 17); Erstauff\u00fchrung vermutlich am Gr\u00fcndonnerstag oder Karfreitag.<br \/>\n\u25a0 1. November: kontrapunktische Studien zu Mendelssohns <em>Paulus<\/em>; eine der Skizzen sp\u00e4ter in der <em>Missa solemnis<\/em> (WAB 29) wiederverwendet.<\/p>\n<\/div>\n<div class=\"gap10\"><\/div>\n<hr \/>\n<div class=\"col-lg-2 col-md-2 col-sm-2 col-xs-12\"><strong>1849<\/strong><\/div>\n<div class=\"col-lg-10 col-md-10 col-sm-10 col-xs-12\">\n\u25a0 12. Oktober: Ernennung zum Privatlehrer der S\u00e4ngerknaben.<\/p>\n<p>Werke:<\/p>\n<p>\u25a0 14. M\u00e4rz: <em>Requiem<\/em> d-Moll (WAB 39) auf den Tod Franz Sailers; Erstauff\u00fchrung zum 1. Todestag; drei weitere Auff\u00fchrungen bis 1854; \u00dcberarbeitung 1892.<\/p>\n<\/div>\n<div class=\"gap10\"><\/div>\n<hr \/>\n<div class=\"col-lg-2 col-md-2 col-sm-2 col-xs-12\"><strong>1850<\/strong><\/div>\n<div class=\"col-lg-10 col-md-10 col-sm-10 col-xs-12\">\n\u25a0 Weiterbildung an der Unterrealschule bis Oktober 1851.<br \/>\n\u25a0 28. Februar: provisorischer Stiftsorganist (evtl. schon M\u00e4rz 1848).<br \/>\n\u25a0 10. Juli: Selbstmord des Firmpaten Johann Baptist Wei\u00df wegen ungerechtfertigter Vorw\u00fcrfe der Veruntreuung von Vereinsgeldern.<\/p>\n<p>Werke:<\/p>\n<p>\u25a0 Klavierst\u00fccke <em>Lancier-Quadrille<\/em> (WAB 120) und <em>Steierm\u00e4rker<\/em> (WAB 122) f\u00fcr Aloisia Bogner.<\/div>\n<div class=\"gap10\"><\/div>\n<hr \/>\n<div class=\"col-lg-2 col-md-2 col-sm-2 col-xs-12\"><strong>1851<\/strong><\/div>\n<div class=\"col-lg-10 col-md-10 col-sm-10 col-xs-12\">\n\u25a0 Aushilfsarbeit in der Bezirksgerichtskanzlei.<br \/>\n\u25a0 definitive Anstellung als erster Stiftsorganist, Jahresgehalt: 80 Gulden (zuz\u00fcglich 36 Gulden als Lehrer sowie 36 Gulden f\u00fcr den Privatunterricht der S\u00e4ngerknaben).<\/p>\n<p>Werke:<\/p>\n<p>\u25a0 mehrere Kantaten und Lieder zu Namensfesten.<br \/>\n\u25a0 zwei S\u00e4ngerspr\u00fcche f\u00fcr die Liedertafel Eferding (WAB 83).<br \/>\n<\/div>\n<div class=\"gap10\"><\/div>\n<hr \/>\n<div class=\"col-lg-2 col-md-2 col-sm-2 col-xs-12\"><strong>1852<\/strong><\/div>\n<div class=\"col-lg-10 col-md-10 col-sm-10 col-xs-12\">\n\u25a0 Jahresanfang: Besuch bei lgnaz A\u00dfmayr in Wien, um ihm die Partitur des <em>Requiem<\/em> (WAB 39) vorzulegen; sp\u00e4ter Widmung des <em>114<\/em>.<em> Psalms<\/em>.<br \/>\n\u25a0 6. Juni: S\u00e4ngerfahrt der Linzer Liedertafel <em>Frohsinn <\/em>nach St. Florian.<br \/>\n\u25a0 19. Dezember: Franz Joseph Rudigier (1811-1884) wird Bischof von Linz.<\/p>\n<p>Werke:<\/p>\n<p>\u25a0 Juli: <em>114<\/em>.<em> Psalm<\/em> (WAB 36).<br \/>\n\u25a0 15. August: <em>Magnificat<\/em> (WAB 24).<br \/>\n\u25a0 28. oder 29. September: Erstauff\u00fchrung der Kantate <em>Heil, Vater, Dir zum hohen Feste<\/em> (WAB 61b) in Linz; Bruckners Orgelspiel wird in der <em>Linzer Zeitung<\/em> \u2013 ohne Namensnennung \u2013 erw\u00e4hnt.<\/p>\n<\/div>\n<div class=\"gap10\"><\/div>\n<hr \/>\n<div class=\"col-lg-2 col-md-2 col-sm-2 col-xs-12\"><strong>1853<\/strong><\/div>\n<div class=\"col-lg-10 col-md-10 col-sm-10 col-xs-12\">\n\u25a0 25. Juli: (erfolglose) Bewerbung um eine Kanzleistelle.<\/p>\n<p>Werke:<\/p>\n<p>\u25a0 drei Auff\u00fchrungen des <em>Tantum ergo<\/em> (WAB 42).<\/p>\n<\/div>\n<div class=\"gap10\"><\/div>\n<hr \/>\n<div class=\"col-lg-2 col-md-2 col-sm-2 col-xs-12\"><strong>1854<\/strong><\/div>\n<div class=\"col-lg-10 col-md-10 col-sm-10 col-xs-12\">\n\u25a0 24. M\u00e4rz: Tod des Stiftsabtes Michael Arneth; Bruckner schreibt zum Begr\u00e4bnis drei Werke.<br \/>\n\u25a0 9. Oktober: Orgelpr\u00fcfung vor Ignaz A\u00dfmayr, Simon Sechter und Gottfried Preyer in der Wiener Piaristenkirche.<\/p>\n<p>Werke:<\/p>\n<p>\u25a0 April oder Mai bis 8. August: <em>Missa solemnis<\/em> b-Moll (WAB 29); 14. September: Erstauff\u00fchrung in St. Florian zur Amtseinsetzung des neuen Abtes Friedrich Mayr.<br \/>\n\u25a0 1. August: Erstauff\u00fchrung des <em>Magnificat<\/em> (WAB 24) in St. Florian; zwei weitere Auff\u00fchrungen bis 1855.<\/p>\n<\/div>\n<div class=\"gap10\"><\/div>\n<hr \/>\n<div class=\"col-lg-2 col-md-2 col-sm-2 col-xs-12\"><strong>1855<\/strong><\/div>\n<div class=\"col-lg-10 col-md-10 col-sm-10 col-xs-12\">\n\u25a0 25.\/26. Januar: Hauptschullehrerpr\u00fcfung in Linz.<br \/>\n\u25a0 ab Juli: Musiktheorie-Unterricht bei Simon Sechter (1788-1867) in Wien.<br \/>\n\u25a0 im Sommer Bewerbung um die Domorganistenstelle in Olm\u00fctz.<br \/>\n\u25a0 13. November: erfolgreiches Probespiel f\u00fcr die Organistenstelle an der Stadtpfarrkirche Linz, danach provisorischer Dom- und Stadtpfarrorganist.<br \/>\n\u25a0 22. Dezember: Ende der T\u00e4tigkeit als Schullehrer.<br \/>\n\u25a0 24. Dezember: Einzug in die Dienstwohnung im <em>Mesnerh\u00e4usl<\/em> am Pfarrplatz in Linz.<\/p>\n<p>Werke:<\/p>\n<p>\u25a0 bis 1861 zahlreiche Gelegenheitswerke: Festges\u00e4nge f\u00fcr M\u00e4nnerchor und Soli zu Festen und Begr\u00e4bnissen; Kantaten und Lieder zu Namensfesten; kleine Klavierst\u00fccke u. a. zu Unterrichtszwecken.<\/p>\n<\/div>\n<div class=\"gap10\"><\/div>\n","protected":false},"excerpt":{"rendered":"<p>zusammengestellt von Alexandra Jud und Damaris Leimgruber (aus: Hans-Joachim Hinrichsen (Hg.): Bruckner-Handbuch, Stuttgart 2010, S. XIII-XXIII).<\/p>\n","protected":false},"author":1,"featured_media":720,"parent":0,"menu_order":0,"comment_status":"closed","ping_status":"closed","template":"page-fullwidth.php","meta":{"footnotes":""},"class_list":["post-461","page","type-page","status-publish","has-post-thumbnail","hentry"],"_links":{"self":[{"href":"http:\/\/www.bruckner-online.at\/index.php?rest_route=\/wp\/v2\/pages\/461"}],"collection":[{"href":"http:\/\/www.bruckner-online.at\/index.php?rest_route=\/wp\/v2\/pages"}],"about":[{"href":"http:\/\/www.bruckner-online.at\/index.php?rest_route=\/wp\/v2\/types\/page"}],"author":[{"embeddable":true,"href":"http:\/\/www.bruckner-online.at\/index.php?rest_route=\/wp\/v2\/users\/1"}],"replies":[{"embeddable":true,"href":"http:\/\/www.bruckner-online.at\/index.php?rest_route=%2Fwp%2Fv2%2Fcomments&post=461"}],"version-history":[{"count":10,"href":"http:\/\/www.bruckner-online.at\/index.php?rest_route=\/wp\/v2\/pages\/461\/revisions"}],"predecessor-version":[{"id":1032,"href":"http:\/\/www.bruckner-online.at\/index.php?rest_route=\/wp\/v2\/pages\/461\/revisions\/1032"}],"wp:featuredmedia":[{"embeddable":true,"href":"http:\/\/www.bruckner-online.at\/index.php?rest_route=\/wp\/v2\/media\/720"}],"wp:attachment":[{"href":"http:\/\/www.bruckner-online.at\/index.php?rest_route=%2Fwp%2Fv2%2Fmedia&parent=461"}],"curies":[{"name":"wp","href":"https:\/\/api.w.org\/{rel}","templated":true}]}}

<p>zusammengestellt von Alexandra Jud und Damaris Leimgruber (aus: Hans-Joachim Hinrichsen (Hg.): <em>Bruckner-Handbuch</em>, Stuttgart 2010, S. XIII-XXIII).</p>
<div class="col-lg-2 col-md-2 col-sm-2 col-xs-12"> <strong>1845</strong></div>
<div class="col-lg-10 col-md-10 col-sm-10 col-xs-12">
■ 25. September: Schulgehilfe in St. Florian während zehn Jahren bei 36 Gulden Jahreslohn; Bruckner wohnt wieder bei der Lehrerfamilie Bogner.<br />
■ erneut Orgelunterricht bei Kattinger (vermutlich bis Ende 1849).</p>
<p>Werke:</p>
<p>■ bis 1851 zahlreiche Gelegenheitskompositionen: weltliche und kirchliche Vokalmusik.<br />
■ <em>Tantum ergo</em> (WAB 43, evtl. auch schon 1844).<br />
■ Studium der Kompositionslehre von Heinrich Christoph Koch.<br />
</div>
<div class="gap10"></div>
<hr />
<div class="col-lg-2 col-md-2 col-sm-2 col-xs-12"><strong>1846</strong></div>
<div class="col-lg-10 col-md-10 col-sm-10 col-xs-12">
■ Weiterbildung in den Fächern Physik und Latein.</p>
<p>Werke:</p>
<p>■ Februar bis 9. Juni: <em>Tantum ergo</em> (WAB 42, einige Aufführungen bis 1856).<br />
■ <em>Vier Tantum ergo </em>(WAB 41, zahlreiche Teilaufführungen bis 1858).<br />
■ <em>Nachspiel</em> d-Moll (WAB 126, evtl. auch später).</p>
</div>
<div class="gap10"></div>
<hr />
<div class="col-lg-2 col-md-2 col-sm-2 col-xs-12"><strong>1847</strong></div>
<div class="col-lg-10 col-md-10 col-sm-10 col-xs-12">
■ 28. Januar: Tod der Patentante Rosalia.<br />
■ 1. Bassist im Männerquartett.</p>
<p>Werke:</p>
<p>■ <em>Der Lehrerstand</em> (WAB 77), Michael Bogner gewidmet.<br />
■ <em>Vorspiel und Fuge</em> c-Moll für Orgel (WAB 131); die Fuge ist auf 15. Januar datiert.<br />
■ zwei <em>Aequale</em> c-Moll für drei Posaunen (WAB 114 und 149).</p>
</div>
<div class="gap10"></div>
<hr />
<div class="col-lg-2 col-md-2 col-sm-2 col-xs-12"><strong>1848</strong></div>
<div class="col-lg-10 col-md-10 col-sm-10 col-xs-12">
■ zwei Zeugnisse über die Befähigung als Organist von Kattinger und Joseph Pfeiffer; März: wahrscheinlich Ernennung zum provisorischen Stiftsorganisten (evtl. erst Februar 1850).<br />
■ Orgel-Wettspiel in St. Florian.<br />
■ lehnt Klavierlehrerstelle am Gymnasium Kremsmünster ab.<br />
■ 13. September: Tod des Stiftsschreibers Franz Sailer; Bruckner erbt dessen Bösendorfer-Flügel.<br />
■ Teilnahme an der Nationalgarde.</p>
<p>Werke:</p>
<p>■ Männerquartett <em>Sternschnuppen</em> (WAB 85).<br />
■ <em>In jener letzten der Nächte</em> (WAB 17); Erstaufführung vermutlich am Gründonnerstag oder Karfreitag.<br />
■ 1. November: kontrapunktische Studien zu Mendelssohns <em>Paulus</em>; eine der Skizzen später in der <em>Missa solemnis</em> (WAB 29) wiederverwendet.</p>
</div>
<div class="gap10"></div>
<hr />
<div class="col-lg-2 col-md-2 col-sm-2 col-xs-12"><strong>1849</strong></div>
<div class="col-lg-10 col-md-10 col-sm-10 col-xs-12">
■ 12. Oktober: Ernennung zum Privatlehrer der Sängerknaben.</p>
<p>Werke:</p>
<p>■ 14. März: <em>Requiem</em> d-Moll (WAB 39) auf den Tod Franz Sailers; Erstaufführung zum 1. Todestag; drei weitere Aufführungen bis 1854; Überarbeitung 1892.</p>
</div>
<div class="gap10"></div>
<hr />
<div class="col-lg-2 col-md-2 col-sm-2 col-xs-12"><strong>1850</strong></div>
<div class="col-lg-10 col-md-10 col-sm-10 col-xs-12">
■ Weiterbildung an der Unterrealschule bis Oktober 1851.<br />
■ 28. Februar: provisorischer Stiftsorganist (evtl. schon März 1848).<br />
■ 10. Juli: Selbstmord des Firmpaten Johann Baptist Weiß wegen ungerechtfertigter Vorwürfe der Veruntreuung von Vereinsgeldern.</p>
<p>Werke:</p>
<p>■ Klavierstücke <em>Lancier-Quadrille</em> (WAB 120) und <em>Steiermärker</em> (WAB 122) für Aloisia Bogner.</div>
<div class="gap10"></div>
<hr />
<div class="col-lg-2 col-md-2 col-sm-2 col-xs-12"><strong>1851</strong></div>
<div class="col-lg-10 col-md-10 col-sm-10 col-xs-12">
■ Aushilfsarbeit in der Bezirksgerichtskanzlei.<br />
■ definitive Anstellung als erster Stiftsorganist, Jahresgehalt: 80 Gulden (zuzüglich 36 Gulden als Lehrer sowie 36 Gulden für den Privatunterricht der Sängerknaben).</p>
<p>Werke:</p>
<p>■ mehrere Kantaten und Lieder zu Namensfesten.<br />
■ zwei Sängersprüche für die Liedertafel Eferding (WAB 83).<br />
</div>
<div class="gap10"></div>
<hr />
<div class="col-lg-2 col-md-2 col-sm-2 col-xs-12"><strong>1852</strong></div>
<div class="col-lg-10 col-md-10 col-sm-10 col-xs-12">
■ Jahresanfang: Besuch bei lgnaz Aßmayr in Wien, um ihm die Partitur des <em>Requiem</em> (WAB 39) vorzulegen; später Widmung des <em>114</em>.<em> Psalms</em>.<br />
■ 6. Juni: Sängerfahrt der Linzer Liedertafel <em>Frohsinn </em>nach St. Florian.<br />
■ 19. Dezember: Franz Joseph Rudigier (1811-1884) wird Bischof von Linz.</p>
<p>Werke:</p>
<p>■ Juli: <em>114</em>.<em> Psalm</em> (WAB 36).<br />
■ 15. August: <em>Magnificat</em> (WAB 24).<br />
■ 28. oder 29. September: Erstaufführung der Kantate <em>Heil, Vater, Dir zum hohen Feste</em> (WAB 61b) in Linz; Bruckners Orgelspiel wird in der <em>Linzer Zeitung</em> – ohne Namensnennung – erwähnt.</p>
</div>
<div class="gap10"></div>
<hr />
<div class="col-lg-2 col-md-2 col-sm-2 col-xs-12"><strong>1853</strong></div>
<div class="col-lg-10 col-md-10 col-sm-10 col-xs-12">
■ 25. Juli: (erfolglose) Bewerbung um eine Kanzleistelle.</p>
<p>Werke:</p>
<p>■ drei Aufführungen des <em>Tantum ergo</em> (WAB 42).</p>
</div>
<div class="gap10"></div>
<hr />
<div class="col-lg-2 col-md-2 col-sm-2 col-xs-12"><strong>1854</strong></div>
<div class="col-lg-10 col-md-10 col-sm-10 col-xs-12">
■ 24. März: Tod des Stiftsabtes Michael Arneth; Bruckner schreibt zum Begräbnis drei Werke.<br />
■ 9. Oktober: Orgelprüfung vor Ignaz Aßmayr, Simon Sechter und Gottfried Preyer in der Wiener Piaristenkirche.</p>
<p>Werke:</p>
<p>■ April oder Mai bis 8. August: <em>Missa solemnis</em> b-Moll (WAB 29); 14. September: Erstaufführung in St. Florian zur Amtseinsetzung des neuen Abtes Friedrich Mayr.<br />
■ 1. August: Erstaufführung des <em>Magnificat</em> (WAB 24) in St. Florian; zwei weitere Aufführungen bis 1855.</p>
</div>
<div class="gap10"></div>
<hr />
<div class="col-lg-2 col-md-2 col-sm-2 col-xs-12"><strong>1855</strong></div>
<div class="col-lg-10 col-md-10 col-sm-10 col-xs-12">
■ 25./26. Januar: Hauptschullehrerprüfung in Linz.<br />
■ ab Juli: Musiktheorie-Unterricht bei Simon Sechter (1788-1867) in Wien.<br />
■ im Sommer Bewerbung um die Domorganistenstelle in Olmütz.<br />
■ 13. November: erfolgreiches Probespiel für die Organistenstelle an der Stadtpfarrkirche Linz, danach provisorischer Dom- und Stadtpfarrorganist.<br />
■ 22. Dezember: Ende der Tätigkeit als Schullehrer.<br />
■ 24. Dezember: Einzug in die Dienstwohnung im <em>Mesnerhäusl</em> am Pfarrplatz in Linz.</p>
<p>Werke:</p>
<p>■ bis 1861 zahlreiche Gelegenheitswerke: Festgesänge für Männerchor und Soli zu Festen und Begräbnissen; Kantaten und Lieder zu Namensfesten; kleine Klavierstücke u. a. zu Unterrichtszwecken.</p>
</div>
<div class="gap10"></div>
