{"id":2627,"date":"2024-04-28T07:53:33","date_gmt":"2024-04-28T05:53:33","guid":{"rendered":"http:\/\/www.bruckner-online.at\/?page_id=2627"},"modified":"2024-04-28T07:59:47","modified_gmt":"2024-04-28T05:59:47","slug":"auswahl-weiterer-audio-und-musikvideobeispiele","status":"publish","type":"page","link":"http:\/\/www.bruckner-online.at\/?page_id=2627","title":{"rendered":"Auswahl weiterer Audio- und Musikvideobeispiele"},"content":{"rendered":"\n<h2 class=\"wp-block-heading\">Fanfaren \u00fcber Themen Anton Bruckners von Vinzenz Goller<\/h2>\n\n\n<figure class=\"wp-block-embed-youtube wp-block-embed is-type-video is-provider-youtube\"><div class=\"lyte-wrapper fourthree\" style=\"width:420px;max-width:100%;margin:5px;\"><div class=\"lyMe\" id=\"WYL_ldLW-aGdSBg\"><div id=\"lyte_ldLW-aGdSBg\" data-src=\"\/\/i.ytimg.com\/vi\/ldLW-aGdSBg\/hqdefault.jpg\" class=\"pL\"><div class=\"tC\"><div class=\"tT\"><\/div><\/div><div class=\"play\"><\/div><div class=\"ctrl\"><div class=\"Lctrl\"><\/div><div class=\"Rctrl\"><\/div><\/div><\/div><noscript><a href=\"http:\/\/youtu.be\/ldLW-aGdSBg\" rel=\"nofollow\"><img loading=\"lazy\" decoding=\"async\" src=\"http:\/\/i.ytimg.com\/vi\/ldLW-aGdSBg\/0.jpg\" alt=\"\" width=\"420\" height=\"295\" \/><br \/>Dieses Video auf YouTube ansehen<\/a><\/noscript><\/div><\/div><div class=\"lL\" style=\"max-width:100%;width:420px;margin:5px;\"><\/div><figcaption><\/figcaption><\/figure>\n\n\n<p>Ensemble <strong><em>BrassAdventure<\/em><\/strong> der Universit\u00e4t f\u00fcr Musik und darstellende Kunst Wien. Aufgef\u00fchrt beim Jubil\u00e4umskonzert zu Ehren Bruckners 200. Geburtstag am 10. April 2024 im Festsaal der \u00d6sterreichischen Akademie der Wissenschaften Wien. Veranstalter: \u00d6sterreichisches Zentrum f\u00fcr Digitale Geisteswissenschaften und Kulturelles Erbe. Kamera: Maria Wieder\u00e4nders ACDH-CH. <\/p>\n\n\n\n<p><strong>Leitung<\/strong>: Raphael Stieger. <strong>Musiker:innen<\/strong>: Sebastian Glaser, Christoph Propst, Georg Weirer (Trompete), Maximilian Kerschbaummayr, Jonas Ellensohn, Tobias R\u00f6ssler, Afra V\u00f6gel (Horn), Severin Keller, Lukas Ludescher, Niklas P\u00f6ttinger (Posaune), Robert Klugseder, Andreas Sch\u00f6nthaler (Tuba)<\/p>\n\n\n\n<p>Der Kirchenmusiker und Komponist <strong>Vinzenz Goller<\/strong>, 1873 in S\u00fcdtirol geboren, ist der Arrangeur der beiden imposanten Fanfaren \u00fcber Themen aus der 5. Symphonie und der Vertonung des 112. Psalms Anton Bruckners. Gollers kompositorisches Schaffen konzentrierte sich vor allem auf liturgische Gebrauchsmusik, die, wie seine sog. \u201eLoreto-Messe\u201c, auch heute noch zum Repertoire vieler Kirchench\u00f6re geh\u00f6rt. Goller machte sich in der 1910er und 20er Jahren einen Namen als Begr\u00fcnder und Leiter der damals in Klosterneuburg angesiedelten Kirchenmusikabteilung der \u201eWiener Musikakademie\u201c, also der heutigen Universit\u00e4t f\u00fcr Musik und darstellende Kunst. Dem von ihm hochverehrten Meister widmete Goller auch ein Festpr\u00e4ludium f\u00fcr Orgel, das vermutlich 1932 zum ersten Mal bei einer Bruckner-Gedenkfeier in Klosterneuburg aufgef\u00fchrt wurde.<\/p>\n\n\n\n<p>Die beiden Fanfaren scheinen lange Zeit nicht mehr aufgef\u00fchrt worden zu sein. Einer der Gr\u00fcnde daf\u00fcr ist sicher der hohe Schwierigkeitsgrad, der von den Blechbl\u00e4serinnen und Blechbl\u00e4sern ein hohes technisches und k\u00fcnstlerisches K\u00f6nnen verlangt.<\/p>\n\n\n\n<p>Wir wissen von einigen Auff\u00fchrungen zu Lebzeiten Gollers in den 1930er Jahren. Die Urauff\u00fchrung fand am 27. April 1930 im Rahmen des Brucknerfestes in Leitmeritz statt. Unter den sp\u00e4teren Ausf\u00fchrenden finden sich keine geringeren als Mitglieder der Wiener Philharmoniker, die das elfstimmige Arrangement f\u00fcr drei Trompeten, vier H\u00f6rner, drei Posaunen und Basstuba u.a. bei einer Gedenkfeier am Bruckner-Denkmal im Stadtpark anl\u00e4sslich des Wiener Brucknerfestes des Jahres 1936 zu Geh\u00f6r brachten.<\/p>\n\n\n\n<p>Es ist erfreulich, dass sich das Ensemble <em>BrassAdventure<\/em> der Universit\u00e4t f\u00fcr Musik und darstellende Kunst unter Leitung von Raphael Stieger bereit erkl\u00e4rte, die Fanfaren einzustudieren, wiederaufzuf\u00fchren und somit der Vergessenheit zu entrei\u00dfen. Robert Klugseder stie\u00df bei Recherchearbeiten in der \u00d6sterreichischen Nationalbibliothek auf das Stimmenmaterial und bereite die Noten in Form einer Neuedition f\u00fcr die Wiederauff\u00fchrung vor.<\/p>\n\n\n\n<p>Das pr\u00e4gnante Posaunen-Thema aus der 5. Symphonie kann vermutlich als die bekannteste Melodie Bruckners gelten. Diese Ber\u00fchmtheit verdankt das Thema einer Verwendung in einem Rocksong, in dem es in leicht erweiterter Form verarbeitet wird. Der Hit \u201eSeven Nation Army\u201c der US-amerikanischen Band \u201eWhite Stripes\u201c ist weltweit bekannt. Das Lied ist auf jeder Rock-Playlist zu finden und wird bei vielen Fu\u00dfballmatches von den Fans mitgesungen.<\/p>\n","protected":false},"excerpt":{"rendered":"<p>Fanfaren \u00fcber Themen Anton Bruckners von Vinzenz Goller Ensemble BrassAdventure der Universit\u00e4t f\u00fcr Musik und darstellende Kunst Wien. Aufgef\u00fchrt beim Jubil\u00e4umskonzert zu Ehren Bruckners&#8230; &nbsp; <a href=\"http:\/\/www.bruckner-online.at\/?page_id=2627\" class=\"moretag\">&#8230;mehr <\/a><\/p>\n","protected":false},"author":1,"featured_media":0,"parent":0,"menu_order":0,"comment_status":"closed","ping_status":"closed","template":"page-fullwidth.php","meta":{"footnotes":""},"class_list":["post-2627","page","type-page","status-publish","hentry"],"_links":{"self":[{"href":"http:\/\/www.bruckner-online.at\/index.php?rest_route=\/wp\/v2\/pages\/2627"}],"collection":[{"href":"http:\/\/www.bruckner-online.at\/index.php?rest_route=\/wp\/v2\/pages"}],"about":[{"href":"http:\/\/www.bruckner-online.at\/index.php?rest_route=\/wp\/v2\/types\/page"}],"author":[{"embeddable":true,"href":"http:\/\/www.bruckner-online.at\/index.php?rest_route=\/wp\/v2\/users\/1"}],"replies":[{"embeddable":true,"href":"http:\/\/www.bruckner-online.at\/index.php?rest_route=%2Fwp%2Fv2%2Fcomments&post=2627"}],"version-history":[{"count":3,"href":"http:\/\/www.bruckner-online.at\/index.php?rest_route=\/wp\/v2\/pages\/2627\/revisions"}],"predecessor-version":[{"id":2632,"href":"http:\/\/www.bruckner-online.at\/index.php?rest_route=\/wp\/v2\/pages\/2627\/revisions\/2632"}],"wp:attachment":[{"href":"http:\/\/www.bruckner-online.at\/index.php?rest_route=%2Fwp%2Fv2%2Fmedia&parent=2627"}],"curies":[{"name":"wp","href":"https:\/\/api.w.org\/{rel}","templated":true}]}}

<h2 class="wp-block-heading">Fanfaren über Themen Anton Bruckners von Vinzenz Goller</h2>


<figure class="wp-block-embed-youtube wp-block-embed is-type-video is-provider-youtube"><div class="lyte-wrapper fourthree" style="width:420px;max-width:100%;margin:5px;"><div class="lyMe" id="WYL_ldLW-aGdSBg"><div id="lyte_ldLW-aGdSBg" data-src="//i.ytimg.com/vi/ldLW-aGdSBg/hqdefault.jpg" class="pL"><div class="tC"><div class="tT"></div></div><div class="play"></div><div class="ctrl"><div class="Lctrl"></div><div class="Rctrl"></div></div></div><noscript><a href="http://youtu.be/ldLW-aGdSBg" rel="nofollow"><img loading="lazy" decoding="async" src="http://i.ytimg.com/vi/ldLW-aGdSBg/0.jpg" alt="" width="420" height="295" /><br />Dieses Video auf YouTube ansehen</a></noscript></div></div><div class="lL" style="max-width:100%;width:420px;margin:5px;"></div><figcaption></figcaption></figure>


<p>Ensemble <strong><em>BrassAdventure</em></strong> der Universität für Musik und darstellende Kunst Wien. Aufgeführt beim Jubiläumskonzert zu Ehren Bruckners 200. Geburtstag am 10. April 2024 im Festsaal der Österreichischen Akademie der Wissenschaften Wien. Veranstalter: Österreichisches Zentrum für Digitale Geisteswissenschaften und Kulturelles Erbe. Kamera: Maria Wiederänders ACDH-CH. </p>



<p><strong>Leitung</strong>: Raphael Stieger. <strong>Musiker:innen</strong>: Sebastian Glaser, Christoph Propst, Georg Weirer (Trompete), Maximilian Kerschbaummayr, Jonas Ellensohn, Tobias Rössler, Afra Vögel (Horn), Severin Keller, Lukas Ludescher, Niklas Pöttinger (Posaune), Robert Klugseder, Andreas Schönthaler (Tuba)</p>



<p>Der Kirchenmusiker und Komponist <strong>Vinzenz Goller</strong>, 1873 in Südtirol geboren, ist der Arrangeur der beiden imposanten Fanfaren über Themen aus der 5. Symphonie und der Vertonung des 112. Psalms Anton Bruckners. Gollers kompositorisches Schaffen konzentrierte sich vor allem auf liturgische Gebrauchsmusik, die, wie seine sog. „Loreto-Messe“, auch heute noch zum Repertoire vieler Kirchenchöre gehört. Goller machte sich in der 1910er und 20er Jahren einen Namen als Begründer und Leiter der damals in Klosterneuburg angesiedelten Kirchenmusikabteilung der „Wiener Musikakademie“, also der heutigen Universität für Musik und darstellende Kunst. Dem von ihm hochverehrten Meister widmete Goller auch ein Festpräludium für Orgel, das vermutlich 1932 zum ersten Mal bei einer Bruckner-Gedenkfeier in Klosterneuburg aufgeführt wurde.</p>



<p>Die beiden Fanfaren scheinen lange Zeit nicht mehr aufgeführt worden zu sein. Einer der Gründe dafür ist sicher der hohe Schwierigkeitsgrad, der von den Blechbläserinnen und Blechbläsern ein hohes technisches und künstlerisches Können verlangt.</p>



<p>Wir wissen von einigen Aufführungen zu Lebzeiten Gollers in den 1930er Jahren. Die Uraufführung fand am 27. April 1930 im Rahmen des Brucknerfestes in Leitmeritz statt. Unter den späteren Ausführenden finden sich keine geringeren als Mitglieder der Wiener Philharmoniker, die das elfstimmige Arrangement für drei Trompeten, vier Hörner, drei Posaunen und Basstuba u.a. bei einer Gedenkfeier am Bruckner-Denkmal im Stadtpark anlässlich des Wiener Brucknerfestes des Jahres 1936 zu Gehör brachten.</p>



<p>Es ist erfreulich, dass sich das Ensemble <em>BrassAdventure</em> der Universität für Musik und darstellende Kunst unter Leitung von Raphael Stieger bereit erklärte, die Fanfaren einzustudieren, wiederaufzuführen und somit der Vergessenheit zu entreißen. Robert Klugseder stieß bei Recherchearbeiten in der Österreichischen Nationalbibliothek auf das Stimmenmaterial und bereite die Noten in Form einer Neuedition für die Wiederaufführung vor.</p>



<p>Das prägnante Posaunen-Thema aus der 5. Symphonie kann vermutlich als die bekannteste Melodie Bruckners gelten. Diese Berühmtheit verdankt das Thema einer Verwendung in einem Rocksong, in dem es in leicht erweiterter Form verarbeitet wird. Der Hit „Seven Nation Army“ der US-amerikanischen Band „White Stripes“ ist weltweit bekannt. Das Lied ist auf jeder Rock-Playlist zu finden und wird bei vielen Fußballmatches von den Fans mitgesungen.</p>

<p>Fanfaren über Themen Anton Bruckners von Vinzenz Goller Ensemble BrassAdventure der Universität für Musik und darstellende Kunst Wien. Aufgeführt beim Jubiläumskonzert zu Ehren Bruckners&#8230; &nbsp; <a href="http://www.bruckner-online.at/?page_id=2627" class="moretag">&#8230;mehr </a></p>
