{"id":1686,"date":"2019-05-26T23:09:23","date_gmt":"2019-05-26T21:09:23","guid":{"rendered":"http:\/\/www.bruckner-online.at\/?page_id=1686"},"modified":"2023-03-10T12:07:42","modified_gmt":"2023-03-10T11:07:42","slug":"hinweise-zur-datenbank-copy-2","status":"publish","type":"page","link":"http:\/\/www.bruckner-online.at\/?page_id=1686","title":{"rendered":"Konkordanz zwischen alten und neuen WAB-Nummern"},"content":{"rendered":"<p>Auflistung aller \u00c4nderungen an alten WAB-Nummern (1\u2013149).<\/p>\n<p>Die folgende Auflistung dient der Orientierung zwischen den WAB-Nummern des Grasberger-Verzeichnisses und der Nummerierung der Werke im neu entwickelten Bruckner-Werkverzeichnis.<\/p>\n<table style=\"height: 2063px;\" border=\"1\" width=\"838\">\n<thead>\n<tr>\n<th width=\"140\">WAB alt<\/th>\n<th width=\"151\">WAB neu<\/th>\n<th width=\"142\">Titel<\/th>\n<th width=\"171\">Grund der \u00c4nderung<\/th>\n<\/tr>\n<\/thead>\n<tbody>\n<tr>\n<td width=\"140\">WAB 3<\/td>\n<td width=\"151\">WAB 3\/1 und 3\/2<\/td>\n<td width=\"142\">Zwei Asperges me<\/td>\n<td width=\"171\">Differenzierung der Einzelwerke<\/td>\n<\/tr>\n<tr>\n<td width=\"140\">WAB 17<\/td>\n<td width=\"151\">WAB 17,1 und 17,2<\/td>\n<td width=\"142\">In jener letzten der N\u00e4chte<\/td>\n<td width=\"171\">Differenzierung der Fassungen gem\u00e4\u00df NGA<\/td>\n<\/tr>\n<tr>\n<td width=\"140\">WAB 18<\/td>\n<td width=\"151\">WAB 18,1 und 18,2<\/td>\n<td width=\"142\">In Sanctum Angelum custodem<\/td>\n<td width=\"171\">Differenzierung der Fassungen gem\u00e4\u00df NGA<\/td>\n<\/tr>\n<tr>\n<td width=\"151\">WAB 27<\/td>\n<td width=\"151\">WAB 27,1 und 27,2<\/td>\n<td width=\"142\">Messe in f-Moll<\/td>\n<td width=\"160\">Differenzierung der Fassungen gem\u00e4\u00df NGA<\/td>\n<\/tr>\n<tr>\n<td width=\"151\">WAB 31<\/td>\n<td width=\"151\">WAB 31,1 und 31,2<\/td>\n<td width=\"142\">Pange lingua<\/td>\n<td width=\"160\">Differenzierung der Fassungen gem\u00e4\u00df NGA<\/td>\n<\/tr>\n<tr>\n<td width=\"151\">WAB 41\/1-4<\/td>\n<td width=\"151\">WAB 41,1\/1-4 und 41,2\/1-5<\/td>\n<td width=\"142\">Vier Tantum ergo<\/td>\n<td width=\"160\">Differenzierung der Fassungen gem\u00e4\u00df der Quellenlage<\/td>\n<\/tr>\n<tr>\n<td width=\"151\">WAB 42<\/td>\n<td width=\"151\">WAB 42,1 und 42,2<\/td>\n<td width=\"142\">Tantum ergo<\/td>\n<td width=\"160\">Differenzierung der Fassungen gem\u00e4\u00df NGA<\/td>\n<\/tr>\n<tr>\n<td width=\"151\">WAB 47<\/td>\n<td width=\"151\">WAB 47\/1<\/td>\n<td rowspan=\"2\" width=\"142\">Zwei Totenlieder<\/td>\n<td rowspan=\"2\" width=\"160\">Zusammenlegung der Einzelwerke aufgrund der Quellenlage<\/td>\n<\/tr>\n<tr>\n<td width=\"151\">WAB 48<\/td>\n<td width=\"151\">WAB 47\/2<\/td>\n<\/tr>\n<tr>\n<td width=\"151\">WAB 59<\/td>\n<td width=\"151\">WAB 59a<\/td>\n<td rowspan=\"3\" width=\"142\">An dem Feste \/ Festlied \/ Tafellied<\/td>\n<td rowspan=\"3\" width=\"160\">Zusammenlegung der Textfassungen<\/td>\n<\/tr>\n<tr>\n<td width=\"151\">WAB 67<\/td>\n<td width=\"151\">WAB 59b<\/td>\n<\/tr>\n<tr>\n<td width=\"151\">WAB 86<\/td>\n<td width=\"151\">WAB 59c<\/td>\n<\/tr>\n<tr>\n<td width=\"151\">WAB 74<\/td>\n<td width=\"151\">WAB 74,1 und 74,2<\/td>\n<td width=\"142\">Das hohe Lied<\/td>\n<td width=\"160\">Differenzierung der Fassungen gem\u00e4\u00df der Quellenlage<\/td>\n<\/tr>\n<tr>\n<td width=\"151\">WAB 81<\/td>\n<td width=\"151\">WAB 81a<\/td>\n<td rowspan=\"2\" width=\"142\">Nachruf \/ Tr\u00f6sterin Musik<\/td>\n<td rowspan=\"2\" width=\"160\">Zusammenlegung der Textfassungen<\/td>\n<\/tr>\n<tr>\n<td width=\"151\">WAB 88<\/td>\n<td width=\"151\">WAB 81b<\/td>\n<\/tr>\n<tr>\n<td width=\"151\">WAB 83<\/td>\n<td width=\"151\">WAB 83\/1 und 83\/2<\/td>\n<td width=\"142\">Ein jubelnd Hoch in Leid und Lust \/ Lebt wohl, ihr Sangesbr\u00fcder<\/td>\n<td width=\"160\">Differenzierung der Einzelwerke<\/td>\n<\/tr>\n<tr>\n<td width=\"151\">WAB 84<\/td>\n<td width=\"151\">WAB 84,2<\/td>\n<td rowspan=\"2\" width=\"142\">Duetto \/ St\u00e4ndchen<\/td>\n<td rowspan=\"2\" width=\"160\">Zusammenlegung da WAB 137 eine Skizze zu WAB 84 darstellt<\/td>\n<\/tr>\n<tr>\n<td width=\"151\">WAB 137<\/td>\n<td width=\"151\">WAB 84,1<\/td>\n<\/tr>\n<tr>\n<td width=\"151\">WAB 93a\u2013c<\/td>\n<td width=\"151\">WAB 93a und 93b<\/td>\n<td width=\"142\">Musikalischer Versuch \/ Vergiss mein nicht<\/td>\n<td width=\"160\">Fassungen a und b wurden zu a zusammengelegt, Fassung zu c damit zu b<\/td>\n<\/tr>\n<tr>\n<td width=\"151\">WAB 95<\/td>\n<td width=\"151\">WAB 95\/1 und 95\/2<\/td>\n<td width=\"142\">Das Frauenherz, die Mannesbrust \/ Des H\u00f6chsten Preis, des Vaterlandes Ruhm<\/td>\n<td width=\"160\">Differenzierung der Einzelwerke<\/td>\n<\/tr>\n<tr>\n<td width=\"151\">WAB 97<\/td>\n<td width=\"151\">WAB 97\/1, 97\/2 und 97\/3<\/td>\n<td width=\"142\">Drei Orchesterst\u00fccke<\/td>\n<td width=\"160\">Differenzierung der Einzelwerke<\/td>\n<\/tr>\n<tr>\n<td width=\"151\">WAB 101<\/td>\n<td width=\"151\">WAB 101,1 und 101,2<\/td>\n<td width=\"142\">1. Symphonie in c-Moll<\/td>\n<td width=\"160\">Differenzierung der Fassungen gem\u00e4\u00df NGA<\/td>\n<\/tr>\n<tr>\n<td width=\"151\">WAB 102<\/td>\n<td width=\"151\">WAB 102,1 und 102,2<\/td>\n<td width=\"142\">2. Symphonie in c-Moll<\/td>\n<td width=\"160\">Differenzierung der Fassungen gem\u00e4\u00df der Quellenlage<\/td>\n<\/tr>\n<tr>\n<td width=\"151\">WAB 103<\/td>\n<td width=\"151\">WAB 103,1, 101\/2 und 101\/3<\/td>\n<td width=\"142\">3. Symphonie in d-Moll<\/td>\n<td width=\"160\">Differenzierung der Fassungen gem\u00e4\u00df NGA<\/td>\n<\/tr>\n<tr>\n<td width=\"151\">WAB 104<\/td>\n<td width=\"151\">104,1, 104,2 und 104,3<\/td>\n<td width=\"142\">4. Symphonie in Es-Dur<\/td>\n<td width=\"160\">Differenzierung der Fassungen gem\u00e4\u00df NGA<\/td>\n<\/tr>\n<tr>\n<td width=\"151\">WAB 108<\/td>\n<td width=\"151\">WAB 108,1 und 108,2<\/td>\n<td width=\"142\">8. Symphonie in c-Moll<\/td>\n<td width=\"160\">Differenzierung der Fassungen gem\u00e4\u00df NGA<\/td>\n<\/tr>\n<tr>\n<td width=\"151\">WAB 109<br \/>WAB 143<\/td>\n<td width=\"151\">WAB 109<\/td>\n<td width=\"142\">9. Symphonie in d-Moll<\/td>\n<td width=\"160\">Zusammenlegung der Partituren und den Final-Skizzen<\/td>\n<\/tr>\n<tr>\n<td width=\"151\">WAB 123<\/td>\n<td width=\"151\">WAB 123,1 und 123,2<\/td>\n<td width=\"142\">Herbstseufzer \/ Stille Betrachtung an einem Herbstabende<\/td>\n<td width=\"160\">Differenzierung zwischen Entwurf und Ausarbeitung<\/td>\n<\/tr>\n<tr>\n<td width=\"151\">WAB 124<\/td>\n<td width=\"151\">124\/1, 124\/2 und 124\/3<\/td>\n<td width=\"142\">Drei kleine St\u00fccke<\/td>\n<td width=\"160\">Differenzierung der Einzelwerke<\/td>\n<\/tr>\n<tr>\n<td width=\"151\">WAB 130<\/td>\n<td width=\"151\">WAB 126,1<\/td>\n<td width=\"142\">Andante<\/td>\n<td width=\"160\">Zusammenlegung<\/td>\n<\/tr>\n<tr>\n<td width=\"151\">WAB 148<\/td>\n<td width=\"151\">WAB 148\/1 und 148\/2<\/td>\n<td width=\"142\">Motto \/ Begr\u00fc\u00dfung<\/td>\n<td width=\"160\">Differenzierung der Einzelwerke<\/td>\n<\/tr>\n<\/tbody>\n<\/table>\n<p>Weiterhin finden sich im Vergleich zum Grasberger-Verzeichnis \u00c4nderungen in den Titeln, die jedoch hier nicht gesondert aufgef\u00fchrt werden sollen. Diese \u00c4nderungen gehen auf eine ver\u00e4nderte Quellenlage, die autographe Titulatur oder die Angleichung des Titels innerhalb des Verzeichnisses zur\u00fcck.<\/p>\n<div class=\"gap20\"><\/div>\n\n\n<p><\/p>\n","protected":false},"excerpt":{"rendered":"<p>Auflistung aller \u00c4nderungen an alten WAB-Nummern (1\u2013149). Die folgende Auflistung dient der Orientierung zwischen den WAB-Nummern des Grasberger-Verzeichnisses und der Nummerierung der Werke im&#8230; &nbsp; <a href=\"http:\/\/www.bruckner-online.at\/?page_id=1686\" class=\"moretag\">&#8230;mehr <\/a><\/p>\n","protected":false},"author":1,"featured_media":0,"parent":0,"menu_order":0,"comment_status":"closed","ping_status":"closed","template":"page-fullwidth.php","meta":{"footnotes":""},"class_list":["post-1686","page","type-page","status-publish","hentry"],"_links":{"self":[{"href":"http:\/\/www.bruckner-online.at\/index.php?rest_route=\/wp\/v2\/pages\/1686"}],"collection":[{"href":"http:\/\/www.bruckner-online.at\/index.php?rest_route=\/wp\/v2\/pages"}],"about":[{"href":"http:\/\/www.bruckner-online.at\/index.php?rest_route=\/wp\/v2\/types\/page"}],"author":[{"embeddable":true,"href":"http:\/\/www.bruckner-online.at\/index.php?rest_route=\/wp\/v2\/users\/1"}],"replies":[{"embeddable":true,"href":"http:\/\/www.bruckner-online.at\/index.php?rest_route=%2Fwp%2Fv2%2Fcomments&post=1686"}],"version-history":[{"count":17,"href":"http:\/\/www.bruckner-online.at\/index.php?rest_route=\/wp\/v2\/pages\/1686\/revisions"}],"predecessor-version":[{"id":2184,"href":"http:\/\/www.bruckner-online.at\/index.php?rest_route=\/wp\/v2\/pages\/1686\/revisions\/2184"}],"wp:attachment":[{"href":"http:\/\/www.bruckner-online.at\/index.php?rest_route=%2Fwp%2Fv2%2Fmedia&parent=1686"}],"curies":[{"name":"wp","href":"https:\/\/api.w.org\/{rel}","templated":true}]}}