{"id":1570,"date":"2019-05-24T15:35:27","date_gmt":"2019-05-24T13:35:27","guid":{"rendered":"http:\/\/www.bruckner-online.at\/?page_id=1570"},"modified":"2024-04-03T17:15:42","modified_gmt":"2024-04-03T15:15:42","slug":"abkuerzungen-copy","status":"publish","type":"page","link":"http:\/\/www.bruckner-online.at\/?page_id=1570","title":{"rendered":"Kitzler-Studienbuch: Digitale Edition und Musikanalyse"},"content":{"rendered":"\n<p>Das Studienbuch mit eigenh\u00e4ndigen \u00dcbungen legte Bruckner w\u00e4hrend seines Unterrichts beim Dirigenten und Cellisten <strong>Otto Kitzler<\/strong> 1861\u20131863 in Linz an. Bruckner hatte bis dahin bereits zahlreiche Kompositionen fertiggestellt, darunter auch Werke in gro\u00dfer Besetzung. Die Handschrift besteht aus 163 zum Teil unterschiedlich gro\u00dfen Bl\u00e4ttern im Querformat (326 gez\u00e4hlte Seiten), geordnet in chronologischer Reihenfolge mit zahlreichen autografen Datierungen zwischen H[eilige] Nacht anno [1]861 (S. 30) und 10.7.1863 (S. 325).<\/p>\n\n\n\n<p>Es handelt sich um eigenh\u00e4ndige Entw\u00fcrfe, Bemerkungen, vollst\u00e4ndige und unvollst\u00e4ndige Kompositionen, die eine rigorose Schulung in Formenlehre und Instrumentation zeigen. Am Anfang stehen \u00dcbungen zu den verschiedenen Kadenzausf\u00fchrungen und zum Periodenbau. Danach folgen zwei- und dreiteilige Liedformen (z. B. Lieder, Walzer, Polka, Mazurka und Galopp), Klavier-Et\u00fcden, Themen mit Variationen, Rondo, Sonatenhauptsatzform und das vollst\u00e4ndige <strong>Streichquartett in c\u2011Moll<\/strong>. Fortgesetzt wurden die Studien mit Instrumentations\u00fcbungen (darunter zur Exposition des 1. Satzes von Ludwig van Beethovens Sonate <strong>Path\u00e9tique <\/strong>und vier vollst\u00e4ndigen Orchesterst\u00fccken (Marsch f\u00fcr Orchester in d\u2011Moll, Drei Orchesterst\u00fccke). Der Band schlie\u00dft mit Skizzen zur <strong>Ouvert\u00fcre in g\u2011Moll<\/strong> und Symphonie in f\u2011Moll (\u201e<strong>Studiensymphonie<\/strong>\u201c). Bruckner verwendete w\u00e4hrend des Unterrichts bei Kitzler Lehrb\u00fccher von Ernst Friedrich Richter (1808\u20131879), Johann Christian Lobe (1797\u20131881) und Adolf Bernhard Marx (1795\u20131866).<\/p>\n\n\n\n<p>Das <strong><em>Kitzler-Studienbuch<\/em><\/strong> fasziniert wegen seiner Einblicke in die Geschichte der musikalischen Ausbildung im 19. Jahrhundert sowie wegen der historischen und theoretischen Bedeutung von Terminologie und Umfang der darin enthaltenen \u00dcbungen. Nicht zuletzt ist dieses Manuskript unverzichtbar f\u00fcr die Untersuchungen \u00fcber Bruckners Arbeitsweise. Das Studienbuch konnte 2013 aus Privatbesitz f\u00fcr die \u00d6sterreichische Nationalbibliothek (\u00d6NB) erworben werden (Signatur Mus.Hs.44706). <br><em><strong>Paul Hawkshaw<\/strong><\/em>&nbsp;&nbsp;(zitiert aus dem ABLO, <a rel=\"noreferrer noopener\" aria-label=\"weiterlesen (\u00f6ffnet in neuem Tab)\" href=\"http:\/\/www.bruckner-online.at\/ABLO_d1e5785\" target=\"_blank\">weiterlesen)<\/a><\/p>\n\n\n\n<p>Dem Projekt <em><strong>Digitale Musikanalyse mit den Techniken der Music Encoding Initiative (MEI) am Beispiel der Kompositionsstudien Anton Bruckners<\/strong><\/em> diente das <em>Kitzler-Studienbuch <\/em>als Forschungsgegenstand.<\/p>\n\n\n<h4>Navigation<\/h4>\n<ul>\n<li><a href=\"http:\/\/www.bruckner-online.at\/?page_id=18\">Projektbeschreibung<\/a><\/li>\n<li><a href=\"http:\/\/www.bruckner-online.at\/?page_id=1616\">Musikanalyse<\/a><\/li>\n<li><a href=\"http:\/\/www.bruckner-online.at\/?page_id=1650\">Beschreibung der Codierung<\/a><\/li>\n<li><a href=\"http:\/\/www.bruckner-online.at\/?page_id=1580\">Beschreibung des Imageviewers<\/a><\/li>\n<li><a href=\"https:\/\/apps-mufo.oeaw.ac.at\/studienbuch\/\">Imageviewer<\/a><\/li>\n<\/ul>","protected":false},"excerpt":{"rendered":"<p>Das Studienbuch mit eigenh\u00e4ndigen \u00dcbungen legte Bruckner w\u00e4hrend seines Unterrichts beim Dirigenten und Cellisten Otto Kitzler 1861\u20131863 in Linz an. Bruckner hatte bis dahin&#8230; &nbsp; <a href=\"http:\/\/www.bruckner-online.at\/?page_id=1570\" class=\"moretag\">&#8230;mehr <\/a><\/p>\n","protected":false},"author":1,"featured_media":1642,"parent":0,"menu_order":0,"comment_status":"open","ping_status":"open","template":"page-fullwidth.php","meta":{"footnotes":""},"class_list":["post-1570","page","type-page","status-publish","has-post-thumbnail","hentry"],"_links":{"self":[{"href":"http:\/\/www.bruckner-online.at\/index.php?rest_route=\/wp\/v2\/pages\/1570"}],"collection":[{"href":"http:\/\/www.bruckner-online.at\/index.php?rest_route=\/wp\/v2\/pages"}],"about":[{"href":"http:\/\/www.bruckner-online.at\/index.php?rest_route=\/wp\/v2\/types\/page"}],"author":[{"embeddable":true,"href":"http:\/\/www.bruckner-online.at\/index.php?rest_route=\/wp\/v2\/users\/1"}],"replies":[{"embeddable":true,"href":"http:\/\/www.bruckner-online.at\/index.php?rest_route=%2Fwp%2Fv2%2Fcomments&post=1570"}],"version-history":[{"count":17,"href":"http:\/\/www.bruckner-online.at\/index.php?rest_route=\/wp\/v2\/pages\/1570\/revisions"}],"predecessor-version":[{"id":2311,"href":"http:\/\/www.bruckner-online.at\/index.php?rest_route=\/wp\/v2\/pages\/1570\/revisions\/2311"}],"wp:featuredmedia":[{"embeddable":true,"href":"http:\/\/www.bruckner-online.at\/index.php?rest_route=\/wp\/v2\/media\/1642"}],"wp:attachment":[{"href":"http:\/\/www.bruckner-online.at\/index.php?rest_route=%2Fwp%2Fv2%2Fmedia&parent=1570"}],"curies":[{"name":"wp","href":"https:\/\/api.w.org\/{rel}","templated":true}]}}